15).
2
Let y(m) = -159*m - 35. List the prime factors of y(-4).
601
Let s be 4/(-6) - (-48)/(-9). Let h(d) = -14*d - 18. What are the prime factors of h(s)?
2, 3, 11
Suppose 0 = -7*p + 3*p - z - 14, -5*p - 2*z = 16. Let w(h) = 4*h**2 + 9*h + 18. What are the prime factors of w(p)?
2, 23
Let g be (-16)/(-24)*15/2. Suppose -5*d = 4*b - 104, 6*b + g*d = b + 130. What are the prime factors of b?
2, 13
Let a = -98 - -104. Suppose -a*t + 1824 = 6*t. What are the prime factors of t?
2, 19
Let r = -8 + 5. Let m(v) be the third derivative of v**5/60 + v**4/12 + v**3/3 - 91*v**2. What are the prime factors of m(r)?
5
Let a(w) = -3*w**2 - 1. Let n be a(1). Let y(p) = -p - 1. Let i be y(n). Suppose 6*f = i*f + 69. List the prime factors of f.
23
Let d(o) = 9*o - 37. Let s(t) = 4*t - 19. Let z(n) = 3*d(n) - 7*s(n). What are the prime factors of z(-9)?
31
Suppose -2108 = 7*t - 2724. What are the prime factors of t?
2, 11
Let f(m) = 3*m + 37. Let q(c) = -c - 12. Let s(k) = 3*f(k) + 8*q(k). Let a be s(-9). What are the prime factors of a*3/(18/33)?
3, 11
Suppose 0 = 3*m - 17 + 44. Let w(i) = -i**2 - 13*i - 2. Let t be w(m). What are the prime factors of (7 + t)/(3/3)?
41
Let u be (-4)/(-8)*64 - 1. Suppose -3*s = -b + u, -4*s = -5*b - 10 + 187. List the prime factors of b.
37
Suppose -s = 4*h - 17, 0 = 5*s - 7 - 18. List the prime factors of (-12 - ((-12)/h)/(-2))/(-1).
2, 7
Let x be 5 - (-1 + 3/1). Let q(h) = -h**2 + h - 1. Let m(g) = g**3 - 10*g**2 + g - 3. Let j(r) = x*q(r) - m(r). List the prime factors of j(6).
2, 3
Let d(k) be the third derivative of -3*k**4/8 - k**3/6 - 2*k**2. Let q(f) = -1. Let z(v) = d(v) - 3*q(v). List the prime factors of z(-1).
11
Suppose -3*l = -19 - 143. Suppose 10 = 5*f, y + 5*f = -0*y + l. List the prime factors of y.
2, 11
Let r = 2907 + -1699. List the prime factors of r.
2, 151
Let n = 4378 - 3089. List the prime factors of n.
1289
Suppose 4*k - 4*m = 2648, -5*k + 4*k + 3*m = -662. What are the prime factors of k?
2, 331
Suppose 2*d + 11063 = 5*d - 2*r, -14724 = -4*d + 8*r. List the prime factors of d.
3691
What are the prime factors of 88/(-18 + 7) - -4243?
5, 7, 11
Let s = -23 - -28. Suppose -s*r - 81 = -x - 0*x, -4*x + 244 = -4*r. List the prime factors of x.
2, 7
Let q(h) = -23*h - 5. Let z be q(13). Let b = 42 - 40. What are the prime factors of b/9 + z/(-9)?
2, 17
Let x(l) = -14*l - 200*l + 7 - 19*l + 6*l. List the prime factors of x(-1).
2, 3, 13
Let g(d) be the second derivative of 7*d - 1/3*d**3 + 0 + 1/12*d**4 - 5/2*d**2. What are the prime factors of g(6)?
19
Let z = 2 - 9. Let a = z - -12. Suppose 0 = 5*b + a*s - 190, -3*b + 58 = -s - 44. What are the prime factors of b?
5, 7
Suppose -h - 3859 = -2*c - 4*h, -2*h = 7*c - 13481. List the prime factors of c.
5, 7, 11
Let x be 18*1*(-18)/27. Let n(k) = -3*k + 9. List the prime factors of n(x).
3, 5
Suppose 30 = 20*z - 17*z. Suppose o + 5*t - z = 16, -3*t - 58 = -4*o. List the prime factors of o.
2
Suppose -3*c + 15 = 4*q, 4*c + 2*q - 25 = 5. Suppose 2*y + 2 = -2*x, 2*y + y = x + 13. Let b = c - x. List the prime factors of b.
13
Let g = -231 + 355. Let b = g + -63. List the prime factors of b.
61
Suppose 4*s = -p + 12, -4*s - 5*p = 15 - 43. Suppose -4*i = -2*i - 5*x - 42, -5*x = 0. Let o = s + i. List the prime factors of o.
23
Suppose -4*k + 2*i + 16 = 0, 3*k - 5*i + 0 = 19. Let t = k - 3. Suppose 4*d - 9*d + 140 = t. List the prime factors of d.
2, 7
Let g = -3834 - -7839. What are the prime factors of g?
3, 5, 89
Let j = 681 - 416. What are the prime factors of j?
5, 53
List the prime factors of (7 - 17680/(-15)) + 3/9.
2, 593
Let x be (-186 + 9)/(((-3)/(-8))/1). Let l = -261 - x. List the prime factors of l.
211
Let x(h) = -3*h**2 - 14*h - 18. Let g(n) = -7*n**2 - 27*n - 37. Let t(z) = -2*g(z) + 5*x(z). List the prime factors of t(-11).
3, 13
Let p(k) = 10*k + 5. Let i be p(5). Let d = i - -100. Suppose 4*l = -l + d. List the prime factors of l.
31
Suppose -a - 20 = u - 3*u, u - 7 = -a. Let c = -7 + u. Suppose 0 = -f + 47 + c. List the prime factors of f.
7
What are the prime factors of (9/6)/(2/1348)?
3, 337
Let w = 86 + -18. Suppose -32*a + 33*a - w = 0. List the prime factors of a.
2, 17
Let y = 179 - 63. Let d = y + -58. Suppose 4*b = -2*p + d, 4*b - 2*b - 3*p - 33 = 0. What are the prime factors of b?
3, 5
Suppose 2*r + 6 = 4, 2*r = -4*v + 3718. What are the prime factors of v?
2, 3, 5, 31
Let b = -17 + 9. Let v = b - -11. Suppose v*x = 5*l + 182 - 40, 2*l - 149 = -3*x. List the prime factors of x.
7
Let t be (-15)/20 + (-57)/(-12). Suppose -4*l + 44 = 2*s, s + 5*l = -t*s + 105. What are the prime factors of s?
2, 5
Let v(j) = j**3 + 30*j**2 + 44*j + 22. What are the prime factors of v(-27)?
1021
Let t(g) = 7*g**3 - 8*g**2 + 6*g + 120. List the prime factors of t(7).
13, 167
Let d be ((-4)/3)/((-1)/3). Let t = 82 + -79. Suppose t*y = -3*q + 45, -60 = -d*q + 3*y + 2*y. List the prime factors of q.
3, 5
Suppose 2*l + 119 = s, 225 - 793 = -5*s + l. Let n = -187 - -125. Let o = s + n. What are the prime factors of o?
3, 17
Let i = -50 + 52. Suppose -4*j + y + 603 = 0, -i*j + 4*y = -j - 162. List the prime factors of j.
2, 3, 5
Let d be (0 - 8/(-6))*3. Suppose 3 = -d*u - 2*b + 5*b, 4*b - 20 = 0. Suppose -3*c = u*j - 63, -j + 21 = 5*c - 0*c. List the prime factors of j.
3, 7
Suppose -4*k - 2*a = -3*k + 6, 3*k + 12 = -4*a. Suppose 3*d + j - 74 = 85, j + 3 = k. List the prime factors of d.
2, 3
Let x(q) = 5*q**2 + 1. Let j be x(-5). What are the prime factors of 30/6 + (j - 1)?
2, 5, 13
Suppose 4 = -i, -4*t - 7 - 5 = 4*i. Let b(a) = 74*a**3 + a - 1. List the prime factors of b(t).
2, 37
Suppose -5*k + 2*h = -1810, 5*h = -22*k + 17*k + 1810. List the prime factors of k.
2, 181
Suppose 2*y - 890 = -4*j, 0 = 3*j - 4*y - 136 - 537. What are the prime factors of j?
223
Let q be -4 + 804/21 - 4/14. List the prime factors of 16/(2 + 2) + q.
2, 19
Let f(b) be the third derivative of b**5/60 + 7*b**4/12 + 11*b**3/3 - 11*b**2. List the prime factors of f(-15).
37
Suppose 3*t - 4*h - 1794 + 446 = 0, -t - 3*h + 458 = 0. List the prime factors of t.
2, 113
List the prime factors of (6 - (-7071)/3) + 6.
23, 103
Let d(g) = g**3 + 40*g**2 + 75*g - 35. Let h be d(-38). Let w = 384 - 139. Suppose -4*l + w = h*l. What are the prime factors of l?
5, 7
Suppose -q = -z + 764, -2284 = -3*z + 6*q - q. List the prime factors of z.
2, 3
Suppose -21 + 1 = -5*b. Suppose -4*n - b*m = -632, 3*n - m - 313 = n. Suppose f - n = -3*s, -9 = 2*f + 1. List the prime factors of s.
2, 3
List the prime factors of (-40)/(-30)*465 + -4*1.
2, 7, 11
Let i(l) = 5*l + 7 + 7 - 3. List the prime factors of i(4).
31
Let i be 0 - (-4)/16*-4. Let p(t) = 44*t**2 - 3*t - 2. Let m be p(i). Let r = 64 - m. List the prime factors of r.
19
Let d = -26 - -578. What are the prime factors of d?
2, 3, 23
Suppose 0 = -7*f + 3*f + 1140. Suppose -b + f = 2*b. Suppose -i = -v + 20, 3*v - i - b = -v. What are the prime factors of v?
5
Let g(l) = l**2 - 3*l - 4. Let b(y) = -y - 1. Let h(z) = -4*b(z) + g(z). Let c be h(-1). Suppose c = -0*n - 2*n + 70. What are the prime factors of n?
5, 7
Suppose 0 = -2*r - k + 193 + 195, -971 = -5*r - 3*k. Let f = r + -104. List the prime factors of f.
89
Suppose 2*l - 5*n - 2814 = -0*l, -2*l + 2814 = -4*n. List the prime factors of l.
3, 7, 67
Suppose -35168 = 2*x - 34*x. What are the prime factors of x?
7, 157
Suppose 1763 = -10*n + 5163. What are the prime factors of n?
2, 5, 17
Suppose 3*d - 2*h = 810, -8*d + 1349 = -3*d - 3*h. Suppose 3*s = 2*i + d, -4*s - 5*i = -114 - 274. List the prime factors of s.
2, 23
Let f(w) = w**3 + 14*w**2 - 17*w - 22. Suppose 3*o - 8 - 10 = 0. Suppose n + 9 = -o. List the prime factors of f(n).
2
Let j be (-264)/42 + (-2)/(-7). Let g(m) = -m - 1. Let h be g(j). Suppose 0 = -5*c - 2*o + 5*o + 33, -4*c = -h*o - 16. List the prime factors of c.
3
Let i be (320 - -1) + (5 - 7). Suppose -k = 4*j + 4*k - 262, 5*j - i = -2*k. List the prime factors of 4/18 - (-742)/j.
2, 3
Let g be (-1 - -2)/1 + 2. Suppose -4*k + 7 = k - z, g*k - 5*z = 13. Let l(s) = 22*s**2 + s - 1. What are the prime factors of l(k)?
2, 11
Let q(f) = f**3 - 4*f**2 + 5. Suppose -9 = -4*i + 7. Let s be q(i). What are the prime factors of 3*s*10/6?
5
Let t(f) = f + 17. Let p be t(-14). Suppose 3*a =